{"id":9,"date":"2021-03-16T14:52:12","date_gmt":"2021-03-16T13:52:12","guid":{"rendered":"https:\/\/campingduhable.wordpress.com\/?page_id=6"},"modified":"2025-09-10T16:16:47","modified_gmt":"2025-09-10T14:16:47","slug":"home","status":"publish","type":"page","link":"https:\/\/campingduhable.lahague.com\/","title":{"rendered":"Accueil \/ Home"},"content":{"rendered":"\n<div class=\"wp-block-cover alignfull has-background-dim-10 has-background-dim\" style=\"min-height:824px\"><img loading=\"lazy\" width=\"5140\" height=\"2888\" class=\"wp-block-cover__image-background wp-image-248\" alt=\"\" src=\"https:\/\/campingduhable.lahague.com\/wp-content\/uploads\/2021\/06\/DJI_0319.jpg\" style=\"object-position:56% 27%\" data-object-fit=\"cover\" data-object-position=\"56% 27%\"\/><div class=\"wp-block-cover__inner-container\">\n<div class=\"wp-block-jetpack-layout-grid alignfull column1-desktop-grid__span-8 column1-desktop-grid__start-3 column1-desktop-grid__row-1 column1-tablet-grid__span-8 column1-tablet-grid__row-1 column1-mobile-grid__span-4 column1-mobile-grid__row-1\">\n<div class=\"wp-block-jetpack-layout-grid-column wp-block-jetpack-layout-grid__padding-none is-vertically-aligned-bottom\">\n<p class=\"has-text-align-center\" style=\"font-size:49px\"><\/p>\n\n\n\n<h1 class=\"has-text-align-center\" style=\"font-size:41px\">Bienvenue au camping du H\u00e2ble<br><em>Welcome<\/em><\/h1>\n\n\n\n<div class=\"wp-block-buttons is-content-justification-center\"><\/div>\n<\/div>\n<\/div>\n<\/div><\/div>\n\n\n\n<div class=\"wp-block-group alignfull has-background-background-color has-background\"><div class=\"wp-block-group__inner-container\">\n<div class=\"wp-block-jetpack-layout-grid alignfull column1-desktop-grid__span-12 column1-desktop-grid__row-1 column1-tablet-grid__span-8 column1-tablet-grid__row-1 column1-mobile-grid__span-4 column1-mobile-grid__row-1\">\n<div class=\"wp-block-jetpack-layout-grid-column wp-block-jetpack-layout-grid__padding-none\">\n<p><strong>Le Camping du H\u00e2ble est situ\u00e9 dans un petit village de La Hague, \u00e0 Omonville-La-Rogue. Venez profiter d\u2019un camping calme et familial, id\u00e9alement situ\u00e9 au bord de la mer, \u00e0 proximit\u00e9 du port et du village ainsi que des nombreuses activit\u00e9s li\u00e9es \u00e0 la r\u00e9gion: visites culturelles et patrimoniales, randonn\u00e9es, activit\u00e9s nautiques, balades \u00e0 v\u00e9los\u2026<\/strong> <br><\/p>\n\n\n\n<p class=\"has-text-align-center has-small-font-size\"><strong><em>Selon la d\u00e9cision de classement en date du 22\/10\/2021, par Atout France, Agence de d\u00e9veloppement touristique de la France, le camping est en cat\u00e9gorie 2 \u00e9toiles \u2013 Tourisme<\/em><\/strong><\/p>\n\n\n\n<p><\/p>\n\n\n\n<p><em>The Camping du Hable is located in a small village of La Hague, in Omonville-La-Rogue. Come and enjoy a quiet and family campsite, ideally located by the sea, near the port and the village as well as the many activities linked to the region: hiking, water sports, bike rides\u2026<\/em><\/p>\n\n\n\n<h4 class=\"has-text-align-center\">OFFRES \/ <em>OFFERS<\/em><\/h4>\n\n\n\n<div class=\"wp-block-columns\">\n<div class=\"wp-block-column\">\n<h5>Emplacements :                                                <\/h5>\n\n\n\n<p>Que vous soyez adepte du camping tout confort, camping-cariste ou campeur \u00e0 la dure avec votre tente, vous trouverez forc\u00e9ment votre bonheur parmi les 54 emplacements du camping.<br>Le camping dispose \u00e9galement de 5 chalets.<br>Par choix commercial \u00e9cologique, le wifi n&rsquo;est pas disponible sur les emplacements.<br>Notre camping est ouvert toute l\u2019ann\u00e9e aux camping-cars<\/p>\n\n\n\n<h5><em>Pitchies<\/em> :<\/h5>\n\n\n\n<p><em>Whether you are a camper, a fan of comfortable camping or a hardcore camper with a tent, you are bound to find something to suit you among the 54 pitches on the campsite.<\/em><br>Camping has also<em> 5 cottages <\/em>.<br>By ecological commercial choice, wifi is not available on the pitches. <\/p>\n<\/div>\n\n\n\n<div class=\"wp-block-column\">\n<h5>Les \u00e9quipements que vous propose le camping : <\/h5>\n\n\n\n<ul><li>\u00c9quipement camping-car (borne flots bleus, vidange eaux grises, \u2026)<\/li><li>Branchement \u00e9lectrique<\/li><li>Sanitaires (acc\u00e9s PMR)<\/li><\/ul>\n\n\n\n<h5><em>The facilities offered by the campsite<\/em> :<\/h5>\n\n\n\n<ul><li><em>Camper van equipment (industrial bollards, electricity, dustbins, grey water emptying, toilet emptying, etc.)<\/em><\/li><li><em>Electrical connection<\/em><\/li><li><em>Sanitary<\/em> (<em>handicapped access<\/em>)<\/li><\/ul>\n<\/div>\n\n\n\n<div class=\"wp-block-column\">\n<h5>Les services que vous propose le camping :<\/h5>\n\n\n\n<ul><li>D\u00e9p\u00f4t de glace<\/li><li>Wifi gratuit \u00e0 l&rsquo;accueil<\/li><li>Lave linge<\/li><li>S\u00e8che linge<\/li><li>Les animaux sont accept\u00e9s<\/li><\/ul>\n\n\n\n<h5><em>The services offered by the campsite<\/em> :<\/h5>\n\n\n\n<ul><li><em>Ice deposit<\/em><\/li><li><em>Free Wifi<\/em> <em>at the reception<\/em><\/li><li><em>Washing machine<\/em><\/li><li><em>Dryer<\/em><\/li><li>Animals are accepted<\/li><\/ul>\n<\/div>\n\n\n\n<div class=\"wp-block-column\">\n<h5>A proximit\u00e9 :<\/h5>\n\n\n\n<ul><li>Epicerie<\/li><li>Restaurants<\/li><li>Commerces<\/li><li>Aire de jeux pour enfants<\/li><li>Terrains de tennis<\/li><li>Ecole de voile<\/li><li>Terrain de p\u00e9tanque<\/li><li>Port  <\/li><\/ul>\n\n\n\n<h5>Near :<\/h5>\n\n\n\n<ul><li><em>Grocery shop<\/em><\/li><li><em>Restaurants<\/em><\/li><li><em>Shops<\/em><\/li><li><em>children&rsquo;s play area<\/em><\/li><li><em>Tennis courts<\/em><\/li><li><em>Sailing school<\/em><\/li><li><em>Petanque court<\/em><\/li><li><em>Port<\/em><\/li><\/ul>\n\n\n\n<p> <\/p>\n<\/div>\n<\/div>\n<\/div>\n<\/div>\n<\/div><\/div>\n\n\n\n<p><\/p>\n","protected":false},"excerpt":{"rendered":"","protected":false},"author":1,"featured_media":0,"parent":0,"menu_order":1,"comment_status":"closed","ping_status":"closed","template":"","meta":[],"_links":{"self":[{"href":"https:\/\/campingduhable.lahague.com\/index.php?rest_route=\/wp\/v2\/pages\/9"}],"collection":[{"href":"https:\/\/campingduhable.lahague.com\/index.php?rest_route=\/wp\/v2\/pages"}],"about":[{"href":"https:\/\/campingduhable.lahague.com\/index.php?rest_route=\/wp\/v2\/types\/page"}],"author":[{"embeddable":true,"href":"https:\/\/campingduhable.lahague.com\/index.php?rest_route=\/wp\/v2\/users\/1"}],"replies":[{"embeddable":true,"href":"https:\/\/campingduhable.lahague.com\/index.php?rest_route=%2Fwp%2Fv2%2Fcomments&post=9"}],"version-history":[{"count":6,"href":"https:\/\/campingduhable.lahague.com\/index.php?rest_route=\/wp\/v2\/pages\/9\/revisions"}],"predecessor-version":[{"id":362,"href":"https:\/\/campingduhable.lahague.com\/index.php?rest_route=\/wp\/v2\/pages\/9\/revisions\/362"}],"wp:attachment":[{"href":"https:\/\/campingduhable.lahague.com\/index.php?rest_route=%2Fwp%2Fv2%2Fmedia&parent=9"}],"curies":[{"name":"wp","href":"https:\/\/api.w.org\/{rel}","templated":true}]}}