{"id":48,"date":"2021-03-23T09:43:09","date_gmt":"2021-03-23T08:43:09","guid":{"rendered":"https:\/\/campingduhable.wordpress.com\/?page_id=48"},"modified":"2026-04-01T15:02:04","modified_gmt":"2026-04-01T13:02:04","slug":"services-2","status":"publish","type":"page","link":"https:\/\/campingduhable.lahague.com\/?page_id=48","title":{"rendered":"Tarifs \/ Prices"},"content":{"rendered":"\n<div class=\"wp-block-group alignfull has-background-background-color has-background\"><div class=\"wp-block-group__inner-container\">\n<div class=\"wp-block-jetpack-layout-grid alignfull margin-bottom-none column1-desktop-grid__span-9 column1-desktop-grid__row-1 column1-tablet-grid__span-8 column1-tablet-grid__row-1 column1-mobile-grid__span-4 column1-mobile-grid__row-1\">\n<div class=\"wp-block-jetpack-layout-grid-column wp-block-jetpack-layout-grid__padding-large\"><\/div>\n<\/div>\n\n\n\n<div class=\"wp-block-jetpack-layout-grid alignfull margin-top-none margin-bottom-none column1-desktop-grid__span-12 column1-desktop-grid__row-1 column1-tablet-grid__span-8 column1-tablet-grid__row-1 column1-mobile-grid__span-4 column1-mobile-grid__row-1\">\n<div class=\"wp-block-jetpack-layout-grid-column wp-block-jetpack-layout-grid__padding-large is-vertically-aligned-top\">\n<div class=\"wp-block-cover\" style=\"min-height:419px\"><img loading=\"lazy\" width=\"6720\" height=\"4480\" class=\"wp-block-cover__image-background wp-image-281\" alt=\"\" src=\"https:\/\/campingduhable.lahague.com\/wp-content\/uploads\/2021\/09\/AO1A3899.jpeg\" style=\"object-position:51% 63%\" data-object-fit=\"cover\" data-object-position=\"51% 63%\"\/><div class=\"wp-block-cover__inner-container\">\n<p class=\"has-text-align-center has-large-font-size\"><\/p>\n<\/div><\/div>\n\n\n\n<p><\/p>\n<\/div>\n<\/div>\n<\/div><\/div>\n\n\n\n<div class=\"wp-block-group alignfull has-background-background-color has-background\"><div class=\"wp-block-group__inner-container\">\n<div style=\"height:64px\" aria-hidden=\"true\" class=\"wp-block-spacer\"><\/div>\n\n\n\n<div class=\"wp-block-jetpack-layout-grid alignfull margin-bottom-none column1-desktop-grid__span-12 column1-desktop-grid__row-1 column1-tablet-grid__span-8 column1-tablet-grid__row-1 column1-mobile-grid__span-4 column1-mobile-grid__row-1\">\n<div class=\"wp-block-jetpack-layout-grid-column wp-block-jetpack-layout-grid__padding-large\">\n<h1>Emplacement tente\/<em>for tent<\/em> :<\/h1>\n<\/div>\n<\/div>\n\n\n\n<div class=\"wp-block-jetpack-layout-grid alignfull margin-top-none column1-desktop-grid__span-4 column1-desktop-grid__start-2 column1-desktop-grid__row-1 column2-desktop-grid__span-7 column2-desktop-grid__start-6 column2-desktop-grid__row-1 column1-tablet-grid__span-4 column1-tablet-grid__row-1 column2-tablet-grid__span-4 column2-tablet-grid__start-5 column2-tablet-grid__row-1 column1-mobile-grid__span-4 column1-mobile-grid__row-1 column2-mobile-grid__span-4 column2-mobile-grid__row-2\">\n<div class=\"wp-block-jetpack-layout-grid-column wp-block-jetpack-layout-grid__padding-large\">\n<figure class=\"wp-block-image size-large\"><img loading=\"lazy\" width=\"6720\" height=\"4480\" src=\"https:\/\/campingduhable.lahague.com\/wp-content\/uploads\/2021\/09\/AO1A3895.jpeg\" alt=\"\" class=\"wp-image-276\"\/><\/figure>\n<\/div>\n\n\n\n<div class=\"wp-block-jetpack-layout-grid-column wp-block-jetpack-layout-grid__padding-large\">\n<figure class=\"wp-block-table is-style-regular\"><table class=\"has-subtle-light-gray-background-color has-fixed-layout has-background\"><thead><tr><th class=\"has-text-align-center\" data-align=\"center\"><strong>TARIFS JOURNALIERS \/ <em>PRICES BY DAY<\/em><\/strong><\/th><th class=\"has-text-align-center\" data-align=\"center\"><strong>TARIFS<\/strong><\/th><\/tr><\/thead><tbody><tr><td class=\"has-text-align-center\" data-align=\"center\">Adulte<br><em>Adult<\/em><\/td><td class=\"has-text-align-center\" data-align=\"center\">4.28\u20ac\u00a0<\/td><\/tr><tr><td class=\"has-text-align-center\" data-align=\"center\">Enfant ( jusqu&rsquo;\u00e0 13 ans)<br><em>Children ( up to 13 years old)<\/em><\/td><td class=\"has-text-align-center\" data-align=\"center\">2,92\u20ac<\/td><\/tr><tr><td class=\"has-text-align-center\" data-align=\"center\">Tente<br><em>Tent<\/em><\/td><td class=\"has-text-align-center\" data-align=\"center\">4,93\u20ac<\/td><\/tr><tr><td class=\"has-text-align-center\" data-align=\"center\">Branchement \u00e9lectricit\u00e9&nbsp;: 10 amp\u00e8res<br> <em>Electrical connection : 10 amp<\/em>s <\/td><td class=\"has-text-align-center\" data-align=\"center\">6.22\u20ac<\/td><\/tr><tr><td class=\"has-text-align-center\" data-align=\"center\">Redevance collecte OM et EMR par nuit\u00e9e et par personne :<\/td><td class=\"has-text-align-center\" data-align=\"center\">0.36\u20ac<\/td><\/tr><tr><td class=\"has-text-align-center\" data-align=\"center\">Taxe de s\u00e9jour par nuit\u00e9e et par personne, gratuit pour les mineurs<\/td><td class=\"has-text-align-center\" data-align=\"center\">0.22\u20ac<\/td><\/tr><\/tbody><\/table><\/figure>\n\n\n\n<p><\/p>\n<\/div>\n<\/div>\n<\/div><\/div>\n\n\n\n<div class=\"wp-block-group alignfull has-background\" style=\"background-color:#ededed\"><div class=\"wp-block-group__inner-container\">\n<div class=\"wp-block-jetpack-layout-grid alignfull margin-bottom-none column1-desktop-grid__span-12 column1-desktop-grid__row-1 column1-tablet-grid__span-8 column1-tablet-grid__row-1 column1-mobile-grid__span-4 column1-mobile-grid__row-1\">\n<div class=\"wp-block-jetpack-layout-grid-column wp-block-jetpack-layout-grid__padding-large\">\n<h1>Emplacement camping-car\/<em> for camper van<\/em> :<\/h1>\n<\/div>\n<\/div>\n\n\n\n<div class=\"wp-block-jetpack-layout-grid alignfull margin-top-none column1-desktop-grid__span-4 column1-desktop-grid__start-2 column1-desktop-grid__row-1 column2-desktop-grid__span-7 column2-desktop-grid__start-6 column2-desktop-grid__row-1 column1-tablet-grid__span-4 column1-tablet-grid__row-1 column2-tablet-grid__span-4 column2-tablet-grid__start-5 column2-tablet-grid__row-1 column1-mobile-grid__span-4 column1-mobile-grid__row-1 column2-mobile-grid__span-4 column2-mobile-grid__row-2\">\n<div class=\"wp-block-jetpack-layout-grid-column wp-block-jetpack-layout-grid__padding-large\">\n<figure class=\"wp-block-image size-large\"><img loading=\"lazy\" width=\"6720\" height=\"4480\" src=\"https:\/\/campingduhable.lahague.com\/wp-content\/uploads\/2021\/09\/AO1A3887.jpeg\" alt=\"\" class=\"wp-image-278\"\/><\/figure>\n<\/div>\n\n\n\n<div class=\"wp-block-jetpack-layout-grid-column wp-block-jetpack-layout-grid__padding-large is-vertically-aligned-center\">\n<figure class=\"wp-block-table aligncenter is-style-regular\"><table class=\"has-subtle-light-gray-background-color has-fixed-layout has-background\"><thead><tr><th class=\"has-text-align-center\" data-align=\"center\"><strong>TARIFS JOURNALIERS \/ <em>PRICES BY DAY<\/em><\/strong><\/th><th class=\"has-text-align-center\" data-align=\"center\"><strong>TARIFS <\/strong><\/th><\/tr><\/thead><tbody><tr><td class=\"has-text-align-center\" data-align=\"center\">Emplacement (vidange comprise pour les campings-cars)<br><em>Pitchies (evacuation for camping cars included)<\/em><\/td><td class=\"has-text-align-center\" data-align=\"center\">6,22 \u20ac<\/td><\/tr><tr><td class=\"has-text-align-center\" data-align=\"center\">Adulte<br><em>Adult<\/em><\/td><td class=\"has-text-align-center\" data-align=\"center\">4,28 \u20ac<\/td><\/tr><tr><td class=\"has-text-align-center\" data-align=\"center\">Enfant ( jusqu&rsquo;\u00e0 13 ans)<br><em>Children ( up to 13 years old)<\/em><\/td><td class=\"has-text-align-center\" data-align=\"center\">2,92 \u20ac<\/td><\/tr><tr><td class=\"has-text-align-center\" data-align=\"center\">Branchement \u00e9lectricit\u00e9&nbsp;: 10 amp\u00e8res<br> <em>Electrical connection : 10 amps<\/em> <\/td><td class=\"has-text-align-center\" data-align=\"center\">6,22 \u20ac<\/td><\/tr><tr><td class=\"has-text-align-center\" data-align=\"center\">Redevance collecte OM et EMR par nuit\u00e9e et par personne :<\/td><td class=\"has-text-align-center\" data-align=\"center\">0.36 \u20ac<\/td><\/tr><tr><td class=\"has-text-align-center\" data-align=\"center\">Taxe de s\u00e9jour par nuit\u00e9e et par personne, gratuit pour les mineurs<\/td><td class=\"has-text-align-center\" data-align=\"center\">0.22 \u20ac<\/td><\/tr><tr><td class=\"has-text-align-center\" data-align=\"center\">Caution Barri\u00e8re<br><em>Caution Barrier<\/em><\/td><td class=\"has-text-align-center\" data-align=\"center\">10,00 \u20ac<\/td><\/tr><\/tbody><\/table><\/figure>\n<\/div>\n<\/div>\n<\/div><\/div>\n\n\n\n<div class=\"wp-block-group alignfull has-background-background-color has-background\"><div class=\"wp-block-group__inner-container\">\n<div class=\"wp-block-jetpack-layout-grid alignfull margin-bottom-none column1-desktop-grid__span-12 column1-desktop-grid__row-1 column1-tablet-grid__span-8 column1-tablet-grid__row-1 column1-mobile-grid__span-4 column1-mobile-grid__row-1\">\n<div class=\"wp-block-jetpack-layout-grid-column wp-block-jetpack-layout-grid__padding-medium\">\n<h1>Location :<\/h1>\n\n\n\n<h4><strong><em>Basse saison<\/em><\/strong> \/ <em>Low season<\/em><\/h4>\n\n\n\n<p><\/p>\n<\/div>\n<\/div>\n\n\n\n<div class=\"wp-block-jetpack-layout-grid alignfull margin-top-none column1-desktop-grid__span-4 column1-desktop-grid__start-2 column1-desktop-grid__row-1 column2-desktop-grid__span-7 column2-desktop-grid__start-6 column2-desktop-grid__row-1 column1-tablet-grid__span-4 column1-tablet-grid__row-1 column2-tablet-grid__span-4 column2-tablet-grid__start-5 column2-tablet-grid__row-1 column1-mobile-grid__span-4 column1-mobile-grid__row-1 column2-mobile-grid__span-4 column2-mobile-grid__row-2\">\n<div class=\"wp-block-jetpack-layout-grid-column wp-block-jetpack-layout-grid__padding-large\">\n<figure class=\"wp-block-image size-large is-resized\"><img loading=\"lazy\" src=\"https:\/\/campingduhable.lahague.com\/wp-content\/uploads\/2021\/03\/ao1a1025-1.jpg?w=1024\" alt=\"\" class=\"wp-image-103\" width=\"512\" height=\"341\"\/><\/figure>\n<\/div>\n\n\n\n<div class=\"wp-block-jetpack-layout-grid-column wp-block-jetpack-layout-grid__padding-large is-vertically-aligned-center\">\n<figure class=\"wp-block-table alignwide is-style-regular\"><table class=\"has-subtle-light-gray-background-color has-fixed-layout has-background\"><thead><tr><th class=\"has-text-align-center\" data-align=\"center\">FORFAITS \/ <em>PACKAGE<\/em><\/th><th class=\"has-text-align-center\" data-align=\"center\">4 lits \/ <em>4 beds<\/em><\/th><th class=\"has-text-align-center\" data-align=\"center\">6 lits \/ <em>6 beds<\/em><\/th><\/tr><\/thead><tbody><tr><td class=\"has-text-align-center\" data-align=\"center\">Semaine<br><em>Week<\/em><\/td><td class=\"has-text-align-center\" data-align=\"center\">381,10 \u20ac<\/td><td class=\"has-text-align-center\" data-align=\"center\">445,92 \u20ac<\/td><\/tr><tr><td class=\"has-text-align-center\" data-align=\"center\">Mid Week<br><em>Lundi au vendredi<\/em><\/td><td class=\"has-text-align-center\" data-align=\"center\">250,00 \u20ac<\/td><td class=\"has-text-align-center\" data-align=\"center\">325,00 \u20ac<\/td><\/tr><tr><td class=\"has-text-align-center\" data-align=\"center\">Week-end<br><em>Week-end<\/em><\/td><td class=\"has-text-align-center\" data-align=\"center\">143,89 \u20ac<\/td><td class=\"has-text-align-center\" data-align=\"center\">213,88 \u20ac<\/td><\/tr><tr><td class=\"has-text-align-center\" data-align=\"center\">2 jours<br><em>2 days<\/em><\/td><td class=\"has-text-align-center\" data-align=\"center\">112,78 \u20ac<\/td><td class=\"has-text-align-center\" data-align=\"center\">181,48 \u20ac<\/td><\/tr><tr><td class=\"has-text-align-center\" data-align=\"center\">Journ\u00e9e suppl\u00e9mentaire<br><em>extra day<\/em><\/td><td class=\"has-text-align-center\" data-align=\"center\">62,22 \u20ac<\/td><td class=\"has-text-align-center\" data-align=\"center\">88,15 \u20ac<\/td><\/tr><\/tbody><\/table><\/figure>\n<\/div>\n<\/div>\n<\/div><\/div>\n\n\n\n<div class=\"wp-block-group alignfull has-background\" style=\"background-color:#ededed\"><div class=\"wp-block-group__inner-container\">\n<div class=\"wp-block-jetpack-layout-grid alignfull margin-bottom-none column1-desktop-grid__span-12 column1-desktop-grid__row-1 column1-tablet-grid__span-8 column1-tablet-grid__row-1 column1-mobile-grid__span-4 column1-mobile-grid__row-1\">\n<div class=\"wp-block-jetpack-layout-grid-column wp-block-jetpack-layout-grid__padding-medium\">\n<h1>Location :<\/h1>\n\n\n\n<h4><strong><em>Moyenne saison<\/em><\/strong> \/ <em>mid season<\/em><\/h4>\n\n\n\n<p><\/p>\n<\/div>\n<\/div>\n\n\n\n<div class=\"wp-block-jetpack-layout-grid alignfull margin-top-none column1-desktop-grid__span-4 column1-desktop-grid__start-2 column1-desktop-grid__row-1 column2-desktop-grid__span-7 column2-desktop-grid__start-6 column2-desktop-grid__row-1 column1-tablet-grid__span-4 column1-tablet-grid__row-1 column2-tablet-grid__span-4 column2-tablet-grid__start-5 column2-tablet-grid__row-1 column1-mobile-grid__span-4 column1-mobile-grid__row-1 column2-mobile-grid__span-4 column2-mobile-grid__row-2\">\n<div class=\"wp-block-jetpack-layout-grid-column wp-block-jetpack-layout-grid__padding-large\">\n<figure class=\"wp-block-image size-large is-resized\"><img loading=\"lazy\" src=\"https:\/\/campingduhable.lahague.com\/wp-content\/uploads\/2021\/03\/ao1a1000.jpg?w=1024\" alt=\"\" class=\"wp-image-109\" width=\"512\" height=\"341\"\/><\/figure>\n<\/div>\n\n\n\n<div class=\"wp-block-jetpack-layout-grid-column wp-block-jetpack-layout-grid__padding-large is-vertically-aligned-center\">\n<figure class=\"wp-block-table alignwide is-style-regular\"><table class=\"has-subtle-light-gray-background-color has-fixed-layout has-background\"><thead><tr><th class=\"has-text-align-center\" data-align=\"center\"> FORFAITS \/ <em>PACKAGE<\/em> <\/th><th class=\"has-text-align-center\" data-align=\"center\"> 4 lits \/ <em>4 beds<\/em> <\/th><th class=\"has-text-align-center\" data-align=\"center\"> 6 lits \/ <em>6 beds<\/em> <\/th><\/tr><\/thead><tbody><tr><td class=\"has-text-align-center\" data-align=\"center\">Semaine<br><em>Week<\/em><\/td><td class=\"has-text-align-center\" data-align=\"center\">418,70 \u20ac<\/td><td class=\"has-text-align-center\" data-align=\"center\">492,58 \u20ac<\/td><\/tr><tr><td class=\"has-text-align-center\" data-align=\"center\">Mid Week<br><em>Lundi au vendredi<\/em><\/td><td class=\"has-text-align-center\" data-align=\"center\">250 \u20ac<\/td><td class=\"has-text-align-center\" data-align=\"center\">325 \u20ac<\/td><\/tr><tr><td class=\"has-text-align-center\" data-align=\"center\">Week-end<br> <em>Week-end<\/em> <\/td><td class=\"has-text-align-center\" data-align=\"center\">156,85 \u20ac<\/td><td class=\"has-text-align-center\" data-align=\"center\">213,88 \u20ac<\/td><\/tr><tr><td class=\"has-text-align-center\" data-align=\"center\">2 jours<br> <em>2 days<\/em> <\/td><td class=\"has-text-align-center\" data-align=\"center\">121,85 \u20ac<\/td><td class=\"has-text-align-center\" data-align=\"center\">181,48 \u20ac<\/td><\/tr><tr><td class=\"has-text-align-center\" data-align=\"center\">Journ\u00e9e suppl\u00e9mentaire<br> <em>extra day<\/em> <\/td><td class=\"has-text-align-center\" data-align=\"center\">68,70 \u20ac<\/td><td class=\"has-text-align-center\" data-align=\"center\">88,15 \u20ac<\/td><\/tr><\/tbody><\/table><\/figure>\n<\/div>\n<\/div>\n<\/div><\/div>\n\n\n\n<div class=\"wp-block-group alignfull has-background-background-color has-background\"><div class=\"wp-block-group__inner-container\">\n<div class=\"wp-block-jetpack-layout-grid alignfull margin-bottom-none column1-desktop-grid__span-12 column1-desktop-grid__row-1 column1-tablet-grid__span-8 column1-tablet-grid__row-1 column1-mobile-grid__span-4 column1-mobile-grid__row-1\">\n<div class=\"wp-block-jetpack-layout-grid-column wp-block-jetpack-layout-grid__padding-medium\">\n<h1>Location :<\/h1>\n\n\n\n<h4><strong><em>Haute saison<\/em><\/strong> \/ <em>High season<\/em><\/h4>\n\n\n\n<p><\/p>\n<\/div>\n<\/div>\n\n\n\n<div class=\"wp-block-jetpack-layout-grid alignfull margin-top-none column1-desktop-grid__span-4 column1-desktop-grid__start-2 column1-desktop-grid__row-1 column2-desktop-grid__span-7 column2-desktop-grid__start-6 column2-desktop-grid__row-1 column1-tablet-grid__span-4 column1-tablet-grid__row-1 column2-tablet-grid__span-4 column2-tablet-grid__start-5 column2-tablet-grid__row-1 column1-mobile-grid__span-4 column1-mobile-grid__row-1 column2-mobile-grid__span-4 column2-mobile-grid__row-2\">\n<div class=\"wp-block-jetpack-layout-grid-column wp-block-jetpack-layout-grid__padding-large\">\n<figure class=\"wp-block-image size-large is-resized\"><img loading=\"lazy\" src=\"https:\/\/campingduhable.lahague.com\/wp-content\/uploads\/2021\/03\/ao1a0986.jpg?w=683\" alt=\"\" class=\"wp-image-111\" width=\"512\" height=\"768\"\/><\/figure>\n<\/div>\n\n\n\n<div class=\"wp-block-jetpack-layout-grid-column wp-block-jetpack-layout-grid__padding-large is-vertically-aligned-center\">\n<figure class=\"wp-block-table alignwide is-style-regular\"><table class=\"has-subtle-light-gray-background-color has-fixed-layout has-background\"><thead><tr><th class=\"has-text-align-center\" data-align=\"center\">  FORFAITS \/ <em>PACKAGE<\/em>  <\/th><th class=\"has-text-align-center\" data-align=\"center\">  4 lits \/ <em>4 beds<\/em>  <\/th><th class=\"has-text-align-center\" data-align=\"center\">  6 lits \/ <em>6 beds<\/em>  <\/th><\/tr><\/thead><tbody><tr><td class=\"has-text-align-center\" data-align=\"center\">Semaine<br><em>Week<\/em><\/td><td class=\"has-text-align-center\" data-align=\"center\">520,94 \u20ac<\/td><td class=\"has-text-align-center\" data-align=\"center\">596,28 \u20ac<\/td><\/tr><\/tbody><\/table><\/figure>\n<\/div>\n<\/div>\n<\/div><\/div>\n\n\n\n<div class=\"wp-block-group alignfull has-background\" style=\"background-color:#ededed\"><div class=\"wp-block-group__inner-container\">\n<div class=\"wp-block-jetpack-layout-grid alignfull margin-bottom-none column1-desktop-grid__span-12 column1-desktop-grid__row-1 column1-tablet-grid__span-8 column1-tablet-grid__row-1 column1-mobile-grid__span-4 column1-mobile-grid__row-1\">\n<div class=\"wp-block-jetpack-layout-grid-column wp-block-jetpack-layout-grid__padding-medium\">\n<h1>Services :<\/h1>\n<\/div>\n<\/div>\n\n\n\n<div class=\"wp-block-jetpack-layout-grid alignfull margin-top-none column1-desktop-grid__span-4 column1-desktop-grid__start-2 column1-desktop-grid__row-1 column2-desktop-grid__span-7 column2-desktop-grid__start-6 column2-desktop-grid__row-1 column1-tablet-grid__span-4 column1-tablet-grid__row-1 column2-tablet-grid__span-4 column2-tablet-grid__start-5 column2-tablet-grid__row-1 column1-mobile-grid__span-4 column1-mobile-grid__row-1 column2-mobile-grid__span-4 column2-mobile-grid__row-2\">\n<div class=\"wp-block-jetpack-layout-grid-column wp-block-jetpack-layout-grid__padding-large\">\n<figure class=\"wp-block-image size-large\"><img loading=\"lazy\" width=\"4480\" height=\"6720\" src=\"https:\/\/campingduhable.lahague.com\/wp-content\/uploads\/2021\/09\/AO1A3881.jpeg\" alt=\"\" class=\"wp-image-279\"\/><\/figure>\n<\/div>\n\n\n\n<div class=\"wp-block-jetpack-layout-grid-column wp-block-jetpack-layout-grid__padding-large is-vertically-aligned-center\">\n<figure class=\"wp-block-table is-style-regular\"><table class=\"has-subtle-light-gray-background-color has-fixed-layout has-background\"><thead><tr><th class=\"has-text-align-center\" data-align=\"center\">SERVICES \/ <em>SERVICES<\/em><\/th><th class=\"has-text-align-center\" data-align=\"center\">TARIFS \/ <em>PRICES<\/em><\/th><\/tr><\/thead><tbody><tr><td class=\"has-text-align-center\" data-align=\"center\">Jeton machine \u00e0 laver<br><em>Washing machine tokens<\/em><\/td><td class=\"has-text-align-center\" data-align=\"center\">6,00 \u20ac<\/td><\/tr><tr><td class=\"has-text-align-center\" data-align=\"center\">Jeton s\u00e8che-linge<br><em>Dryer tokens<\/em><\/td><td class=\"has-text-align-center\" data-align=\"center\">5,56\u20ac<\/td><\/tr><tr><td class=\"has-text-align-center\" data-align=\"center\">Jeton machine \u00e0 laver et lessive<br><em>Wahing machine tokens and laundry<\/em> <\/td><td class=\"has-text-align-center\" data-align=\"center\">6,68\u20ac<\/td><\/tr><tr><td class=\"has-text-align-center\" data-align=\"center\">Vidange camping-car<br><em>emptying camping car<\/em><\/td><td class=\"has-text-align-center\" data-align=\"center\">2.00 \u20ac<\/td><\/tr><tr><td class=\"has-text-align-center\" data-align=\"center\">Douche (hors usagers)<br><em>showers (visitors)<\/em><\/td><td class=\"has-text-align-center\" data-align=\"center\">3.00\u20ac<\/td><\/tr><tr><td class=\"has-text-align-center\" data-align=\"center\">Animaux \/nuit<br><em>animals<\/em><\/td><td class=\"has-text-align-center\" data-align=\"center\">5 \u20ac<\/td><\/tr><\/tbody><\/table><\/figure>\n<\/div>\n<\/div>\n<\/div><\/div>\n\n\n\n<div class=\"wp-block-group alignfull has-background-background-color has-background\"><div class=\"wp-block-group__inner-container\">\n<div style=\"height:64px\" aria-hidden=\"true\" class=\"wp-block-spacer\"><\/div>\n\n\n\n<div class=\"wp-block-jetpack-layout-grid alignfull column1-desktop-grid__span-12 column1-desktop-grid__row-1 column1-tablet-grid__span-8 column1-tablet-grid__row-1 column1-mobile-grid__span-4 column1-mobile-grid__row-1\">\n<div class=\"wp-block-jetpack-layout-grid-column wp-block-jetpack-layout-grid__padding-large\">\n<p class=\"has-text-align-center\"><strong>Conditions g\u00e9n\u00e9rales de location \/ Generals terms and conditions of rental<\/strong><\/p>\n\n\n\n<p class=\"has-text-align-center\">Les locations de week-end commencent le vendredi \u00e0 16h et se terminent le dimanche \u00e0 16h. (Uniquement pour les chalets)<br>Un acompte de 30 % est demand\u00e9 \u00e0 la r\u00e9servation et le solde \u00e0 l\u2019arriv\u00e9e.<br>Les ch\u00e8ques-vacances sont accept\u00e9s.<br>Un ch\u00e8que de caution de 200,00 \u20ac est r\u00e9clam\u00e9 le jour de l\u2019arriv\u00e9e et restitu\u00e9 apr\u00e8s l\u2019\u00e9tat des lieux contradictoire effectu\u00e9 en fin de s\u00e9jour, d\u00e9duction faite des d\u00e9t\u00e9riorations, des pertes ou des heures de m\u00e9nage \u00e9ventuelles.<br>Carnet de vaccinations \u00e0 jour pour les animaux.<br>Caution de 10,00 \u20ac pour la barri\u00e8re. Le camping ne pratique pas la location de linge de lits, ni de linge de maison.<\/p>\n\n\n\n<p class=\"has-text-align-center\">Une taxe de s\u00e9jour est appliqu\u00e9e, selon le tarif en vigueur fix\u00e9 par d\u00e9lib\u00e9ration par la communaut\u00e9 d\u2019agglom\u00e9ration du Cotentin, per\u00e7ue par l\u2019h\u00e9bergeur pour la communaut\u00e9 d\u2019agglom\u00e9ration du Cotentin et du conseil d\u00e9partemental de La Manche. Cette taxe est calcul\u00e9e par nuit\u00e9e et par personne. Les personnes exempt\u00e9es de la taxe, selon l\u2019article L.2333-31 du CGCT sont&nbsp;les mineurs, les titulaires d\u2019un contrat de travail saisonnier employ\u00e9s sur le territoire de la collectivit\u00e9, les personnes b\u00e9n\u00e9ficiant d\u2019un h\u00e9bergement d\u2019urgence ou d\u2019un relogement temporaire.<\/p>\n\n\n\n<p class=\"has-text-align-center\"><br><em>Weekly rentals start on Friday at 4pm and end the following Sunday at 4pm.<br>A 30% deposit is required at the time of booking and the balance on arrival.<br>Holiday vouchers are accepted.<br>A deposit check of 200 is requested on the day of arrival and returned after the inventory of fixtures carried out at the end of the stay, after deduction of any damage, loss or cleaning hours.<br>Up-to-date vaccination booklet for animals.<br>Deposit of 10,00 \u20ac for the gat<\/em>e. <em>The campsite does not hire bed linen or household linen<\/em><\/p>\n\n\n\n<p class=\"has-text-align-center\"><em>A tourist tax is applied, according to the current rate set by deliberation by the Cotentin urban community, collected by the host for the Cotentin urban community and the departmental council of La Manche. This tax is calculated per night and per person. Persons exempted from the tax, according to article L.2333-31 of the CGCT are minors, holders of a seasonal employment contract employed on the territory of the community, persons benefiting from emergency accommodation or of temporary accommodation.<\/em><\/p>\n\n\n\n<p><\/p>\n\n\n\n<p class=\"has-text-align-center\">Pour tout renseignements ou pour r\u00e9server un chalet veuillez t\u00e9l\u00e9phoner au 02.33.52.86.15 ou envoyer un mail \u00e0 l\u2019adresse suivante: campingduhable@lahague.com<\/p>\n\n\n\n<p class=\"has-text-align-center\"><br><em>For more informations or to book your pitch, please call 02.33.52.86.15 or send an email to the following address: campingduhable@lahague.com<\/em><\/p>\n<\/div>\n<\/div>\n\n\n\n<div style=\"height:64px\" aria-hidden=\"true\" class=\"wp-block-spacer\"><\/div>\n<\/div><\/div>\n\n\n\n<p><\/p>\n\n\n\n<div class=\"wp-block-columns\">\n<div class=\"wp-block-column\" style=\"flex-basis:100%\">\n<div class=\"wp-block-columns\">\n<div class=\"wp-block-column\" style=\"flex-basis:100%\">\n<div class=\"wp-block-image is-style-rounded\"><figure class=\"aligncenter is-resized\"><img loading=\"lazy\" src=\"https:\/\/campingduhable.lahague.com\/wp-content\/uploads\/2021\/05\/ancv-1.png\" alt=\"\" class=\"wp-image-209\" width=\"219\" height=\"86\"\/><\/figure><\/div>\n\n\n\n<div class=\"wp-block-image is-style-rounded\"><figure class=\"aligncenter is-resized\"><img loading=\"lazy\" src=\"https:\/\/campingduhable.lahague.com\/wp-content\/uploads\/2021\/05\/mastercard-logo-1.png\" alt=\"\" class=\"wp-image-222\" width=\"165\" height=\"124\"\/><\/figure><\/div>\n\n\n\n<div class=\"wp-block-image is-style-default\"><figure class=\"aligncenter is-resized\"><img loading=\"lazy\" src=\"https:\/\/campingduhable.lahague.com\/wp-content\/uploads\/2021\/05\/logo-visa-1.png\" alt=\"\" class=\"wp-image-223\" width=\"159\" height=\"52\"\/><\/figure><\/div>\n<\/div>\n<\/div>\n<\/div>\n<\/div>\n\n\n\n<div class=\"wp-block-group\"><div class=\"wp-block-group__inner-container\"><\/div><\/div>\n","protected":false},"excerpt":{"rendered":"","protected":false},"author":1,"featured_media":0,"parent":0,"menu_order":0,"comment_status":"closed","ping_status":"closed","template":"","meta":[],"_links":{"self":[{"href":"https:\/\/campingduhable.lahague.com\/index.php?rest_route=\/wp\/v2\/pages\/48"}],"collection":[{"href":"https:\/\/campingduhable.lahague.com\/index.php?rest_route=\/wp\/v2\/pages"}],"about":[{"href":"https:\/\/campingduhable.lahague.com\/index.php?rest_route=\/wp\/v2\/types\/page"}],"author":[{"embeddable":true,"href":"https:\/\/campingduhable.lahague.com\/index.php?rest_route=\/wp\/v2\/users\/1"}],"replies":[{"embeddable":true,"href":"https:\/\/campingduhable.lahague.com\/index.php?rest_route=%2Fwp%2Fv2%2Fcomments&post=48"}],"version-history":[{"count":17,"href":"https:\/\/campingduhable.lahague.com\/index.php?rest_route=\/wp\/v2\/pages\/48\/revisions"}],"predecessor-version":[{"id":369,"href":"https:\/\/campingduhable.lahague.com\/index.php?rest_route=\/wp\/v2\/pages\/48\/revisions\/369"}],"wp:attachment":[{"href":"https:\/\/campingduhable.lahague.com\/index.php?rest_route=%2Fwp%2Fv2%2Fmedia&parent=48"}],"curies":[{"name":"wp","href":"https:\/\/api.w.org\/{rel}","templated":true}]}}