{"id":260,"date":"2021-07-21T12:10:16","date_gmt":"2021-07-21T10:10:16","guid":{"rendered":"http:\/\/campingduhable.lahague.com\/?page_id=260"},"modified":"2025-03-25T11:00:11","modified_gmt":"2025-03-25T10:00:11","slug":"les-chalets-cottages","status":"publish","type":"page","link":"https:\/\/campingduhable.lahague.com\/?page_id=260","title":{"rendered":"Chalets \/ cottages"},"content":{"rendered":"\n<div class=\"wp-block-group has-foreground-color has-text-color\"><div class=\"wp-block-group__inner-container\">\n<div class=\"wp-block-group has-background-color has-text-color has-background\" style=\"background-color:#3f4f63\"><div class=\"wp-block-group__inner-container\">\n<p>3 chalets \u00ab LA VAUCOTTE \u00bb \u00ab LES ILETS \u00bb \u00ab LES FONTENELLES \u00bb&nbsp; de 4 personnes, compos\u00e9s de 2 chambres avec 2 lits de 80&#215;190 et 1 lit de 140&#215;190<\/p>\n\n\n\n<p><em>3 cottages \u00ab LA VAUCOTTE \u00bb \u00ab LES ILETS \u00bb \u00ab LES FONTENELLES \u00bb&nbsp; for 4 people, 2 bedrooms, with two 80 x 190 beds and one 140&#215;190 bed <\/em><\/p>\n<\/div><\/div>\n<\/div><\/div>\n\n\n\n<div class=\"wp-block-image\"><figure class=\"aligncenter size-large\"><img loading=\"lazy\" width=\"609\" height=\"601\" src=\"https:\/\/campingduhable.lahague.com\/wp-content\/uploads\/2025\/03\/descriptif-et-conditions-de-locationVD-1.jpg\" alt=\"\" class=\"wp-image-350\" srcset=\"https:\/\/campingduhable.lahague.com\/wp-content\/uploads\/2025\/03\/descriptif-et-conditions-de-locationVD-1.jpg 609w, https:\/\/campingduhable.lahague.com\/wp-content\/uploads\/2025\/03\/descriptif-et-conditions-de-locationVD-1-300x296.jpg 300w\" sizes=\"(max-width: 609px) 100vw, 609px\" \/><\/figure><\/div>\n\n\n\n<hr class=\"wp-block-separator\"\/>\n\n\n\n<div class=\"wp-block-group\"><div class=\"wp-block-group__inner-container\">\n<div class=\"wp-block-group\"><div class=\"wp-block-group__inner-container\">\n<p class=\"has-background-color has-text-color has-background\" style=\"background-color:#976161\"><br>1 chalet \u00ab LA VALLACE \u00bb&nbsp;&nbsp; de 6 personnes, compos\u00e9 de 3 chambres avec 1 lit de 140&#215;190 et 4 lits de 80&#215;190<br><br><em>1 cottage \u00ab LA VALLACE \u00bb&nbsp;  for 6 people, 3 bedrooms, with four 80 x 190 beds and one 140&#215;190 bed<\/em><br><\/p>\n<\/div><\/div>\n<\/div><\/div>\n\n\n\n<div class=\"wp-block-image\"><figure class=\"aligncenter size-large\"><img loading=\"lazy\" width=\"633\" height=\"548\" src=\"https:\/\/campingduhable.lahague.com\/wp-content\/uploads\/2025\/03\/descriptif-et-conditions-de-locationVD.jpg\" alt=\"\" class=\"wp-image-349\" srcset=\"https:\/\/campingduhable.lahague.com\/wp-content\/uploads\/2025\/03\/descriptif-et-conditions-de-locationVD.jpg 633w, https:\/\/campingduhable.lahague.com\/wp-content\/uploads\/2025\/03\/descriptif-et-conditions-de-locationVD-300x260.jpg 300w\" sizes=\"(max-width: 633px) 100vw, 633px\" \/><\/figure><\/div>\n\n\n\n<hr class=\"wp-block-separator\"\/>\n\n\n\n<div class=\"wp-block-group has-background-color has-text-color has-background\" style=\"background-color:#6f8468\"><div class=\"wp-block-group__inner-container\">\n<p>1 chalet PMR <em>\u00ab LA COQUE \u00bb&nbsp;<\/em> de 4 personnes, compos\u00e9 de 2 chambres avec 4 lits de 80&#215;190<\/p>\n\n\n\n<p><em>1 wheelchair <em>\u00ab LA COQUE \u00bb&nbsp;<\/em> accessible cottage, 2 bedrooms with 80 x 190 beds<\/em><\/p>\n<\/div><\/div>\n\n\n\n<figure class=\"wp-block-image size-large\"><img loading=\"lazy\" width=\"806\" height=\"599\" src=\"https:\/\/campingduhable.lahague.com\/wp-content\/uploads\/2025\/03\/descriptif-efft-conditions-de-locationVD.jpg\" alt=\"\" class=\"wp-image-351\" srcset=\"https:\/\/campingduhable.lahague.com\/wp-content\/uploads\/2025\/03\/descriptif-efft-conditions-de-locationVD.jpg 806w, https:\/\/campingduhable.lahague.com\/wp-content\/uploads\/2025\/03\/descriptif-efft-conditions-de-locationVD-300x223.jpg 300w, https:\/\/campingduhable.lahague.com\/wp-content\/uploads\/2025\/03\/descriptif-efft-conditions-de-locationVD-768x571.jpg 768w\" sizes=\"(max-width: 806px) 100vw, 806px\" \/><\/figure>\n\n\n\n<hr class=\"wp-block-separator\"\/>\n\n\n\n<p>Les chalets sont \u00e9quip\u00e9s d&rsquo;un micro-onde, plaque de cuisson, r\u00e9frig\u00e9rateur, cafeti\u00e8re, bouilloire, grille-pain, table et chaises de jardin, et t\u00e9l\u00e9viseur.&nbsp;<\/p>\n\n\n\n<p>La location est pr\u00e9vue sans draps. Oreillers et couettes sur place.<\/p>\n\n\n\n<p>Baignoire, chaise haute et lit parapluie pour b\u00e9b\u00e9 sur demande.<\/p>\n\n\n\n<p><em>The cottages are equipped with microwave, hob, refrigerator, coffee maker, kettle, toaster, garden table and chairs, and TV.<\/em><\/p>\n\n\n\n<p><em>The rental is provided without sheets. Pillows and duvets on site.<\/em><\/p>\n\n\n\n<p><em>Bath, high chair and baby cot on request.<\/em><\/p>\n\n\n\n<p><strong><u>\u00c0 PR\u00c9VOIR<\/u>&nbsp;: Produits d\u2019entretien, torchons, sacs poubelle 30L, papier WC.<\/strong><\/p>\n\n\n\n<p><strong><em>TO PROVIDE : Cleaning products, tea towels, 30L trash bags, toilet paper.<\/em><\/strong><\/p>\n\n\n\n<hr class=\"wp-block-separator\"\/>\n\n\n\n<hr class=\"wp-block-separator\"\/>\n\n\n\n<p><\/p>\n","protected":false},"excerpt":{"rendered":"<p>Les chalets sont \u00e9quip\u00e9s d&rsquo;un micro-onde, plaque de cuisson, r\u00e9frig\u00e9rateur, cafeti\u00e8re, bouilloire, grille-pain, table et chaises de jardin, et t\u00e9l\u00e9viseur.&nbsp; La location est pr\u00e9vue sans draps. Oreillers et couettes sur place. Baignoire, chaise haute et lit parapluie pour b\u00e9b\u00e9 sur demande. The cottages are equipped with microwave, hob, refrigerator, coffee maker, kettle, toaster, garden table<a class=\"more-link\" href=\"https:\/\/campingduhable.lahague.com\/?page_id=260\">Lire la suite <span class=\"screen-reader-text\">\u00ab\u00a0Chalets \/ cottages\u00a0\u00bb<\/span><\/a><\/p>\n","protected":false},"author":2,"featured_media":0,"parent":0,"menu_order":0,"comment_status":"closed","ping_status":"closed","template":"","meta":[],"_links":{"self":[{"href":"https:\/\/campingduhable.lahague.com\/index.php?rest_route=\/wp\/v2\/pages\/260"}],"collection":[{"href":"https:\/\/campingduhable.lahague.com\/index.php?rest_route=\/wp\/v2\/pages"}],"about":[{"href":"https:\/\/campingduhable.lahague.com\/index.php?rest_route=\/wp\/v2\/types\/page"}],"author":[{"embeddable":true,"href":"https:\/\/campingduhable.lahague.com\/index.php?rest_route=\/wp\/v2\/users\/2"}],"replies":[{"embeddable":true,"href":"https:\/\/campingduhable.lahague.com\/index.php?rest_route=%2Fwp%2Fv2%2Fcomments&post=260"}],"version-history":[{"count":12,"href":"https:\/\/campingduhable.lahague.com\/index.php?rest_route=\/wp\/v2\/pages\/260\/revisions"}],"predecessor-version":[{"id":352,"href":"https:\/\/campingduhable.lahague.com\/index.php?rest_route=\/wp\/v2\/pages\/260\/revisions\/352"}],"wp:attachment":[{"href":"https:\/\/campingduhable.lahague.com\/index.php?rest_route=%2Fwp%2Fv2%2Fmedia&parent=260"}],"curies":[{"name":"wp","href":"https:\/\/api.w.org\/{rel}","templated":true}]}}